7 (base 12) to base 5.
-41123143
92c5b (base 16) to base 3
1010112122220
Convert -2830822 (base 10) to base 7.
-33030061
Convert -3403565 (base 9) to base 12.
-744a42
What is 6089a (base 13) in base 8?
521455
What is -111011011001010000 (base 2) in base 11?
-156864
-1513220 (base 6) to base 16
-1560c
Convert 21965 (base 14) to base 11.
561a7
What is -bd0 (base 15) in base 3?
-10122220
202102202010 (base 3) to base 7
3263442
Convert -52331244 (base 6) to base 12.
-613b24
1111110110010111 (base 2) to base 10
64919
Convert 312233123 (base 4) to base 2.
110110101111011011
Convert 173b08 (base 14) to base 9.
1474804
What is 11424043430 (base 5) in base 2?
110011100000101000001110
33857 (base 13) to base 10
93698
-135534434 (base 6) to base 2
-1010101010101111010110
What is -131132132121 (base 4) in base 14?
-1051d69
What is -103df6 (base 16) in base 12?
-433bb2
-399018 (base 12) to base 5
-220324232
-5b0d0 (base 16) to base 7
-3112205
Convert -181016 (base 9) to base 2.
-11011011010011001
Convert -11232727 (base 8) to base 14.
-4769cb
Convert c17555 (base 14) to base 8.
30657667
What is dc65 (base 15) in base 13?
18320
245204 (base 11) to base 16
5e9ef
-2b468 (base 14) to base 7
-626361
-410100 (base 12) to base 6
-33440400
-10001110111000100 (base 2) to base 16
-11dc4
-563228 (base 9) to base 8
-1222132
What is 1100000111110110001 (base 2) in base 3?
202011220100
1101111110011101010001 (base 2) to base 9
6803574
What is 100000001001000000 (base 2) in base 6?
2453252
Convert -3258a (base 13) to base 11.
-62440
Convert f34ba1 (base 16) to base 4.
330310232201
What is -27503 (base 14) in base 8?
-275377
Convert -1c9988 (base 15) to base 9.
-2562552
Convert -100012110110 (base 3) to base 8.
-541610
55b04 (base 14) to base 15
41940
Convert 168840 (base 9) to base 10.
104931
Convert -131a8 (base 13) to base 12.
-1862b
What is 10020130033 (base 4) in base 5?
234130101
-18492d (base 14) to base 3
-1121120212022
What is 2662154 (base 8) in base 6?
24000300
Convert 4101334232 (base 5) to base 15.
ac8a47
Convert -1302142352 (base 6) to base 13.
-320022b
Convert 234222302 (base 5) to base 10.
1085952
What is 21101122011 (base 3) in base 6?
3041434
Convert -44bc0 (base 15) to base 11.
-13a308
What is -10010000101000010 (base 2) in base 7?
-425614
-230301 (base 8) to base 4
-103003001
Convert -cbad8 (base 14) to base 16.
-7870e
Convert -7d85b (base 16) to base 4.
-1331201123
-3306383 (base 9) to base 4
-12301220202
What is -12134000 (base 5) in base 14?
-2dc15
-c238b (base 16) to base 6
-25015003
3370 (base 8) to base 9
2402
What is 2bc921 (base 13) in base 2?
100001000110011111101
-1000753 (base 9) to base 14
-dbc80
Convert -10100011001111110010 (base 2) to base 10.
-668658
Convert -11335233 (base 6) to base 16.
-56aa5
Convert -21022200000 (base 3) to base 9.
-238600
What is 43752a6 (base 11) in base 3?
112110010110121
Convert 11111001100110010001 (base 2) to base 3.
1220221101221
Convert -a85f (base 16) to base 2.
-1010100001011111
What is 2020112121121 (base 3) in base 8?
4427322
What is -192309 (base 10) in base 6?
-4042153
What is 3411266 (base 7) in base 4?
1213102121
2035502 (base 6) to base 13
35a80
2176163 (base 9) to base 5
300003440
-2223021230 (base 5) to base 11
-2841532
What is 13442352 (base 6) in base 10?
456764
134103421 (base 5) to base 10
691111
Convert -7a388c (base 14) to base 3.
-21211021212120
Convert 104a51a (base 11) to base 13.
4c747b
34644565 (base 7) to base 15
404a5a
3194564 (base 11) to base 2
10101011010011110111110
1978b09 (base 12) to base 4
110202330321
What is 1002120133 (base 4) in base 7?
2211502
-122000112201 (base 3) to base 14
-8a132
-1101122322 (base 4) to base 10
-333498
Convert -43423001 (base 5) to base 4.
-1123023331
-220112011201 (base 3) to base 6
-14202501
a6c3cd (base 16) to base 2
101001101100001111001101
7558 (base 9) to base 12
3275
Convert 5130154 (base 6) to base 13.
876a3
-22336066 (base 8) to base 3
-100002111200110
Convert -1104223410 (base 5) to base 10.
-2414230
Convert -111010000111010000 (base 2) to base 9.
-402460
Convert 34022440 (base 5) to base 16.
48dff
What is -10101010111110000 (base 2) in base 12?
-427a8
What is 11012403 (base 5) in base 4?
113020020
38bb52 (base 12) to base 14
1a4058
What is -110001120012210 (base 3) in base 11?
-3687525
3028372 (base 12) to base 13
1b379b8
-53214621 (base 7) to base 4
-101030223012
Convert 11010001101000100 (base 2) to base 11.
73705
What is -31134010 (base 6) in base 14?
-1958a2
What is 19320 (base 11) in base 12?
13765
What is 1771172 (base 12) in base 7?
56302406
Convert a7067a (base 11) to base 13.
4800b7
Convert -12a3485 (base 14) to base 7.
-136325425
-1c735b5 (base 13) to base 7
-143443106
Convert -128035 (base 10) to base 15.
-27e0a
Convert -652633 (base 12) to base 14.
-2d9675
Convert 23a9a84 (base 11) to base 6.
225415250
What is 11001010000101 (base 2) in base 16?
3285
11120022221 (base 3) to base 14
24aa0
-41101341 (base 5) to base 14
-88b27
What is -120200111222 (base 3) in base 8?
-1133010
Convert -138904 (base 10) to base 11.
-953a7
What is -3102201233 (base 4) in base 2?
-11010010100001101111
Convert 6882 (base 16) to base 13.
c240
What is 132001543 (base 7) in base 12?
2a06497
What is 20210020221221 (base 3) in base 14?
69c755
What is 2841 (base 13) in base 8?
13247
What is -1012122120002 (base 3) in base 9?
-1178502
-20ba065 (base 13) to base 8
-46067322
Convert -344186 (base 10) to base 9.
-574118
-80385 (base 10) to base 16
-13a01
Convert -38784 (base 10) to base 7.
-221034
What is -a3b8 (base 15) in base 6?
-424102
Convert 1403402 (base 5) to base 8.
67672
a8526a (base 14) to base 5
2424343044
c1381 (base 14) to base 13
13351c
-1001 (base 16) to base 12
-2455
397163 (base 11) to base 4
2120130231
What is 6acd7 (base 16) in base 4?
1222303113
110222012202012 (base 3) to base 11
3988aa2
What is -3222010002 (base 5) in base 10?
-6828752
Convert -31304541 (base 6) to base 9.
-1637417
What is 2101112101011 (base 3) in base 15?
1a1547
What is -10111101011010010011110 (base 2) in base 3?
-102200022212220
Convert -3503766 (base 9) to base 5.
-441024012
What is 20232313 (base 5) in base 3?
22100221022
-30031114 (base 6) to base 7
-10113343
Convert -111001101010110110 (base 2) to base 14.
-62126
255677 (base 12) to base 10
610939
Convert 3ba2 (base 12) to base 11.
51a4
Convert 4097a1 (base 13) to base 11.
939747
-11201200020 (base 3) to base 11
-63a24
What is -14cd1 (base 14) in base 8?
-145327
1503512 (base 6) to base 16
15164
-41140131 (base 5) to base 9
-557778
Convert 375464 (base 8) to base 7.
1050361
Convert -3345346 (base 8) to base 10.
-903910
182008 (base 9) to base 15
23738
13233615 (base 9) to base 12
2223a28
-4088174 (base 12) to base 14
-1878476
Convert -300222200312 (base 4) to base 6.
-1133232222
What is 1010000101011110001 (base 2) in base 15?
67dc1
-442db9 (base 16) to base 3
-22102000011011
Convert -10011110000000011101 (base 2) to base 5.
-131202242
Convert 916621 (base 10) to base 16.
dfc8d
Convert 873676 (base 9) to base 10.
521061
210410331 (base 5) to base 3
1122022222012
-9a2c6 (base 15) to base 6
-14300323
Convert -110011111101011110000011 (base 2) to base 5.
-11441333443
-1276b (base 12) to base 8
-61303
6816785 (base 10) to base 14
c96373
What is 24776 (base 13) in base 2?
10000011001110110
What is 36784 (base 14) in base 12?
65100
What is 1377461 (base 8) in base 10?
393009
Convert -1101011101100010 (base 2) to base 14.
-16146
What is -24256202 (base 7) in base 3?
-11002000110012
What is -1bca83 (base 13) in base 9?
-1306816
-3143943 (base 10) to base 9
-5821610
What is 10231122232 (base 4) in base 12?
4b657a
17695 (base 14) to base 10
58931
Convert 201221202011022 (base 3) to base 14.
15a06b4
25102755 (base 8) to base 2
10101001000010111101101
What is -102020021 (base 3) in base 2?
-1111111111100
Convert 2339ab0 (base 12) to base 8.
31734744
What is 1063465 (base 8) in base 5?
33213230
46213051 (base 7) to base 14
771398
-11110010101001001101001 (base 2) to base 15
-a70c88
What is -224837 (base 11) in base 15?
-70ecb
Convert -35330142 (base 7) to base 3.
-12212100010210
What is 446143 (base 10) in base 4?
1230322333
Convert -607475 (base 10) to base 8.
-2242363
-a87b2 (base 16) to base 10
-690098
What is -20214030